be k/(-8) - (-3)/2. Calculate the highest common divisor of w and q.
25
Let b(h) = -h - 27. Let z(u) = -u - 27. Let v be (-2)/12 + 34/(-12). Let p(r) = v*z(r) + 2*b(r). Let d be p(-12). What is the highest common factor of d and 15?
15
Let y be (54/117)/(7/(182/3)). What is the greatest common divisor of 500 and y?
4
Suppose 0 = 2*s + s - 6. Let n be 4/6*12*(0 - 8). Let z = n + 70. Calculate the highest common factor of z and s.
2
Let j(h) = -h**2 + 30*h - 174. Let b be j(8). Suppose 178 = b*c - 5*z + 4*z, 5*c - z = 442. Calculate the greatest common factor of c and 198.
22
Let s(k) = -49*k - 6888. Let u be s(-175). Calculate the greatest common divisor of u and 49.
7
Let s = 5526 + -5454. What is the highest common factor of s and 15318?
18
Suppose 0 = -26*y + 120 + 36. Let u(t) = -t**3 + 7*t**2 - 5*t + 13. Let d be u(y). What is the highest common divisor of d and 152?
19
Suppose -148*n - 4*h - 424 = -152*n, 4*n = -h + 409. Calculate the greatest common factor of n and 2.
1
Let a be ((-10)/(-6))/((340/(-24))/(-17)). Suppose 9 = q - 7. Calculate the highest common factor of q and a.
2
Let v(z) = z**2 + 92*z + 4131. Let u be v(-46). What is the greatest common divisor of u and 650?
65
Suppose 3*b - 16 = -1. Suppose 49*u - 33 = 38*u. Suppose m - 67 = -u*i, -243 - 106 = -b*m - i. What is the greatest common divisor of 7 and m?
7
Let a(u) = 5*u + 9 + 15 - u + 8. Let g be a(-7). Let h be (10/g + 0)*(12 + 24). What is the greatest common divisor of 9 and h?
9
Let w(q) = -q**2 + 9*q + 658. Let p be w(28). Calculate the highest common factor of 3348 and p.
18
Let i = -49 - -129. Let y be (14 + -2 + 3)*102/255. Let b be 4 + 0/(-2) + y. Calculate the greatest common factor of i and b.
10
Let k be 3/42 - (-20607)/14. What is the highest common divisor of k and 46?
46
Suppose -45*t = 17*t - 1586 - 1824. Calculate the greatest common divisor of 22 and t.
11
Suppose 14*s = s + 39. Suppose -2*i = i - s, 875 = 2*v + 5*i. Calculate the highest common divisor of 15 and v.
15
Let g = -4093 + 4183. Suppose n + 2*n - 30 = 0. What is the greatest common divisor of g and n?
10
Let v = -7847 + 7852. Let h = -6 + 8. Suppose 0 = 2*a - 5*x - 5, 2*a + 5*x = -h*a + 25. What is the highest common factor of v and a?
5
Suppose -4*p + 164 = 2*q, -4*q = -p + 3 + 11. Calculate the greatest common divisor of 3002 and p.
38
Let m be (9 + -1)*(14 - 660/48). Suppose 5*g - 310 = -3*u + 252, m*g - 5*u = 200. What is the greatest common factor of g and 154?
22
Let x = 7916 + -7892. Suppose -5*y + 244 = -4*v, y + 5*v - 139 = -2*y. What is the highest common divisor of x and y?
24
Suppose -v - 52 = -3*x, -82 = -4*v - x - 290. Let g be (v/(-5))/(4/40*1). Calculate the highest common factor of 39 and g.
13
Suppose -5*o + 491 = -349. Calculate the greatest common factor of o and 408.
24
Let m = 2 + 16. Let p(c) be the third derivative of c**5/20 - c**3/2 + 18*c**2. Let n be p(5). What is the highest common factor of n and m?
18
Let z(i) = 44 + 0*i + i - 48 + 25. Let k be z(12). Calculate the highest common factor of k and 165.
33
Let x = 9423 + -9212. What is the highest common factor of x and 14137?
211
Suppose 107*m - 2133 = 28*m. What is the greatest common factor of m and 13149?
27
Let x = -143 + 150. Let b(k) = 4*k - 20. Let f be b(x). Suppose 0 = -f*u + 13*u - 40. What is the highest common factor of u and 16?
8
Let j = -30 + 22. Let i = 49 + -46. Let o = i - j. What is the highest common divisor of o and 99?
11
Let n be (9 - 360/32)*(-30 + (0 - 2)). What is the highest common divisor of 2976 and n?
24
Let x be -60*(0 + 3 - 7)/(2/11). Calculate the highest common factor of x and 495.
165
Suppose -93*o + 33119 = -36073. What is the greatest common factor of 600 and o?
24
Suppose 11 + 81 = 2*q. Let u be (2 - 1) + 1 + (4 - 2). Suppose o - 4*y - 178 = -43, -2*o + u*y = -250. What is the highest common factor of o and q?
23
Let n(y) = 57*y - 2750. Let u be n(56). What is the highest common factor of 468 and u?
26
Let q = -11 + 89. Suppose 72*m - 315 = 186 - 69. What is the highest common divisor of q and m?
6
Let g = -1373 - -1823. Calculate the greatest common factor of 522 and g.
18
Let g = -4820 - -5045. Suppose 2*i + 508 = -2*i. Let n = i + g. What is the greatest common divisor of n and 7?
7
Suppose z - 1190 = -16*z + 1530. Let a = 295 - 95. Calculate the highest common divisor of z and a.
40
Suppose 13*l + 516*l - 2269410 = 0. What is the greatest common divisor of l and 180?
30
Let s = -20 - -106. Let a = s - -79. Calculate the highest common factor of a and 30.
15
Suppose 5*l + 40*k - 43*k - 2115 = 0, 798 = 2*l + 2*k. Suppose -h + 11 = -4*z + 1, -5*h + 92 = z. Calculate the highest common factor of l and h.
18
Let g(p) be the second derivative of -1/6*p**3 + 0 + 2*p**2 + 1/4*p**4 + 3/10*p**5 - 39*p. Let l be g(3). What is the highest common factor of l and 38?
38
Suppose -4*w - 5*t + 45 = -38, -49 = -2*w - 5*t. Let o = -739 - -1130. What is the highest common divisor of w and o?
17
Let s(o) = -o**3 - 52*o**2 - 117*o + 676. Let x be s(-50). Calculate the greatest common factor of 654 and x.
218
Let p be (-1418)/(-10) - (24/20)/(-6). Let a be (p/10 + 1)/(7/70). Suppose -b + 3*d = -28, -5*d + 4 = b - 0*b. What is the greatest common divisor of a and b?
19
Suppose -30*r - 140709 = -142389. Let a(d) = d**3 - 4*d**2 + 3. Let g be a(5). Calculate the highest common factor of r and g.
28
Let y be 196/(-35) + 4/(-10). Let t be -10*(4 - (-123)/y - -1). What is the greatest common divisor of 62 and t?
31
Suppose -3*y + n + 8545 = 0, 3*y - 8539 = -857*n + 852*n. Calculate the highest common factor of y and 88.
8
Let w(f) = -f + 40. Let i be w(0). Suppose -3*z - 2*z + 100 = 0. Suppose -s - 2*r + 80 = 3*s, s - z = -2*r. What is the greatest common divisor of s and i?
20
Suppose -18*a + 663 = -5*a. Let j = a + 18. Let h(t) = -t**2 - 10*t - 1. Let z be h(-4). Calculate the highest common divisor of z and j.
23
Suppose k + 29 = -c + 62, -3*c - 41 = -k. What is the greatest common factor of k and 28?
7
Let s = 156 + -104. Suppose -40*h + 36*h = -s. Let n(q) = q**3 + 6*q**2 + q + 7. Let x be n(-6). What is the highest common divisor of h and x?
1
Suppose 3*q - 7*q + 4*k = -40, -4*k - 20 = 0. Suppose 3*a - 2*x = 35, -2*a - q*x + 0*x = 2. Calculate the greatest common divisor of a and 117.
9
Suppose 0*z = z + 236. Let o be (6/4)/((-6)/z). Let v = 83 - o. Calculate the highest common divisor of v and 60.
12
Let x = -64 + 66. Let k(r) = 2*r**3 + r**2 + 3*r - 12. Let q be k(x). What is the greatest common factor of q and 70?
14
Suppose 112*u + 2307 = 5052 + 5543. Calculate the greatest common factor of 2 and u.
2
Suppose 59*o - 55*o + 4*b = 44100, -4*o - 5*b = -44091. What is the highest common factor of o and 54?
18
Suppose 3*t - 3*y = 2*t + 415, t = -4*y + 387. Calculate the greatest common divisor of 1023 and t.
31
Let o(f) = 2659*f**2 - 33*f + 8. Let m be o(2). Calculate the highest common factor of m and 41.
41
Suppose -57997*s + 57987*s = -8260. What is the highest common divisor of 42 and s?
14
Suppose 41*n = -77*n + 89*n + 26448. Calculate the greatest common divisor of n and 408.
24
Let z = 3 + -4. Let x(s) = -s - 65. Let a be x(6). Let i be (a/z - -1)*(3 - 2). Calculate the greatest common divisor of 18 and i.
18
Suppose -2200 = -5*m + 5*l, 2*l - 4*l = 2*m - 884. Let u be m/14 + (-2)/(4/3). Suppose -u*b + 27*b + 57 = 0. Calculate the highest common factor of b and 95.
19
Let f = 136 - 78. Let h = -41 + f. Let c(d) = d**3 + 16*d**2 + 32*d - 90. Let n be c(-12). Calculate the highest common divisor of n and h.
17
Let x be (-10 + 19)*2/6. Let z be (-7 + -3)/(-3 + x + -2). Suppose -3*y + 29 = 3*a - 16, -z*y - 2*a + 81 = 0. Calculate the highest common factor of 68 and y.
17
Let m be 2*((-15)/(-6) + -1). Let b(d) = -d + 64. Let o be b(-29). Calculate the greatest common factor of o and m.
3
Suppose -37*b - 77*b + 54*b = -807000. Calculate the greatest common factor of 50 and b.
50
Suppose 5*g + 1056 = h + 6*g, 5*g + 1050 = h. Calculate the highest common divisor of h and 13504.
211
Let l be ((-6)/2)/3 + -1. Let p(q) = -48*q - 8. Let t be p(l). Let i be (-3 + 1)*(20 - 24). What is the highest common divisor of i and t?
8
Suppose 0 = -2*p + 4*b + 2154, -4*p - 208*b + 205*b + 4253 = 0. Calculate 